 the highest common factor of 14 and 3301872?
14
Calculate the highest common factor of 9141 and 561.
33
What is the greatest common factor of 5891 and 215?
43
Calculate the greatest common divisor of 76152 and 92.
4
Calculate the greatest common divisor of 30 and 123135.
15
What is the greatest common factor of 156 and 46995?
39
What is the greatest common divisor of 1049864 and 152?
152
What is the highest common divisor of 165 and 28605?
15
Calculate the greatest common factor of 143 and 78298.
11
Calculate the highest common divisor of 471069 and 438.
219
What is the greatest common divisor of 871990 and 98?
14
Calculate the greatest common divisor of 114 and 49020.
114
What is the highest common divisor of 14485140 and 180?
180
What is the highest common divisor of 37184 and 336?
112
Calculate the greatest common divisor of 4717 and 2703.
53
Calculate the highest common divisor of 858 and 4238.
26
Calculate the highest common divisor of 1288 and 35448.
56
What is the greatest common divisor of 78 and 24774?
6
Calculate the highest common factor of 17186 and 312.
26
What is the highest common divisor of 30 and 88135?
5
Calculate the highest common divisor of 14630 and 5890.
190
Calculate the highest common factor of 668 and 438208.
668
What is the greatest common factor of 1278 and 46?
2
Calculate the highest common divisor of 44166 and 816.
102
What is the highest common factor of 515 and 191?
1
Calculate the highest common divisor of 183 and 437492.
61
What is the greatest common divisor of 38208 and 528?
48
Calculate the highest common factor of 23680 and 30.
10
What is the highest common divisor of 45 and 162010?
5
Calculate the highest common factor of 36813 and 1344.
21
What is the greatest common factor of 33 and 8529?
3
What is the highest common factor of 1344 and 72?
24
What is the highest common divisor of 11750 and 9750?
250
Calculate the greatest common factor of 565789 and 9170.
917
Calculate the greatest common divisor of 9 and 200271.
3
Calculate the highest common divisor of 216 and 1000.
8
Calculate the highest common divisor of 2412 and 1224.
36
What is the highest common divisor of 63492 and 1056?
132
Calculate the greatest common divisor of 5871 and 12051.
309
What is the highest common divisor of 45988 and 68?
4
What is the greatest common factor of 503029 and 451?
41
What is the greatest common divisor of 828 and 13212?
36
Calculate the highest common factor of 8711886 and 129.
129
Calculate the greatest common factor of 804 and 42880.
268
What is the greatest common factor of 6564 and 204?
12
What is the greatest common divisor of 1672 and 47728?
152
Calculate the greatest common factor of 191 and 351631.
191
Calculate the greatest common factor of 13338 and 14859.
117
Calculate the greatest common divisor of 28292 and 4521.
11
Calculate the highest common divisor of 3178 and 434.
14
Calculate the greatest common factor of 122 and 3171390.
122
What is the highest common factor of 531 and 66021?
177
What is the greatest common factor of 618 and 33063?
309
Calculate the highest common factor of 219 and 121764.
219
Calculate the highest common factor of 256 and 1218608.
16
Calculate the greatest common divisor of 663 and 2307.
3
What is the highest common divisor of 9 and 997560?
9
What is the highest common divisor of 22985 and 205?
5
What is the highest common divisor of 203343 and 253?
23
Calculate the greatest common divisor of 266143 and 4453.
61
Calculate the highest common divisor of 4196 and 78675.
1049
Calculate the highest common factor of 14220 and 34380.
180
What is the highest common divisor of 1461 and 2560159?
487
Calculate the highest common factor of 156545 and 2620.
655
Calculate the highest common divisor of 78142 and 66728.
878
Calculate the highest common factor of 10944 and 119168.
1216
Calculate the greatest common factor of 72880 and 1960.
40
What is the greatest common factor of 854176 and 24?
8
Calculate the greatest common divisor of 30 and 1483935.
15
Calculate the greatest common divisor of 360 and 1295080.
40
Calculate the greatest common divisor of 4690 and 655.
5
Calculate the greatest common factor of 122728 and 12064.
232
What is the highest common factor of 2920 and 5548?
292
Calculate the highest common factor of 2304 and 439056.
144
Calculate the highest common factor of 400 and 272.
16
Calculate the greatest common divisor of 216391 and 2527.
133
Calculate the greatest common divisor of 174 and 410176.
58
Calculate the greatest common divisor of 2275 and 185575.
325
What is the highest common divisor of 1188 and 4092?
132
Calculate the highest common factor of 266 and 327978.
266
Calculate the highest common divisor of 103024 and 137.
137
Calculate the highest common factor of 259454 and 130.
26
Calculate the greatest common factor of 46341 and 2223.
171
What is the highest common factor of 1773 and 292151?
197
Calculate the greatest common divisor of 391121 and 227.
227
Calculate the greatest common divisor of 555 and 30.
15
Calculate the greatest common divisor of 4440 and 20350.
370
Calculate the highest common factor of 528 and 11124.
12
Calculate the greatest common divisor of 30 and 120630.
30
Calculate the greatest common divisor of 1330 and 490.
70
Calculate the greatest common factor of 209 and 76399.
19
Calculate the greatest common factor of 6248 and 2414.
142
Calculate the greatest common divisor of 1278 and 6408.
18
Calculate the highest common factor of 176 and 2750.
22
Calculate the highest common factor of 3480 and 1980.
60
What is the greatest common divisor of 63 and 6391?
7
What is the highest common divisor of 115 and 366735?
115
Calculate the greatest common factor of 261 and 33234.
87
Calculate the highest common factor of 803 and 890527.
803
Calculate the greatest common factor of 9 and 837987.
3
Calculate the highest common divisor of 145444 and 52.
52
Calculate the greatest common divisor of 24024 and 11739.
273
Calculate the greatest common divisor of 1428 and 176256.
204
Calculate the highest common factor of 18 and 841854.
6
Calculate the greatest common factor of 295 and 896741.
59
What is the greatest common factor of 128152 and 166?
166
Calculate the highest common divisor of 110107 and 103693.
1069
What is the highest common divisor of 72 and 542664?
72
Calculate the greatest common factor of 1441427 and 13.
13
What is the greatest common divisor of 146910 and 70?
10
Calculate the highest common divisor of 134 and 211452.
134
Calculate the greatest common divisor of 8 and 29888.
8
What is the greatest common divisor of 9113 and 6266?
13
What is the greatest common divisor of 428 and 519806?
214
What is the greatest common divisor of 123 and 3681021?
123
Calculate the greatest common factor of 31390 and 430.
430
What is the greatest common factor of 3700 and 2200?
100
Calculate the greatest common divisor of 5196 and 156.
12
What is the highest common divisor of 51 and 123?
3
Calculate the greatest common factor of 7546977 and 9.
9
What is the highest common factor of 333 and 216?
9
Calculate the highest common factor of 761796 and 252.
252
What is the highest common factor of 64 and 1752256?
64
What is the highest common divisor of 23316 and 551?
29
Calculate the greatest common divisor of 837 and 103.
1
What is the highest common divisor of 393 and 40479?
393
What is the highest common divisor of 502892 and 475?
19
What is the greatest common divisor of 46 and 452134?
46
What is the highest common factor of 1554 and 87801?
777
Calculate the highest common factor of 14558 and 10730.
58
What is the greatest common divisor of 943209 and 45?
9
Calculate the greatest common factor of 56050 and 2065.
295
Calculate the greatest common factor of 90 and 2623590.
90
What is the greatest common factor of 2 and 17202?
2
Calculate the greatest common divisor of 128788 and 176.
44
Calculate the greatest common factor of 193819 and 404.
101
What is the highest common divisor of 3959792 and 3918?
1306
Calculate the highest common divisor of 999 and 29781.
27
Calculate the highest common divisor of 1146343 and 28171.
2167
Calculate the highest common factor of 96 and 25224.
24
Calculate the greatest common divisor of 220 and 150260.
220
Calculate the highest co